Suppose c + 5*a - 165 = -0*c, a = -3*c + 551. What is the highest common divisor of c and 74?
37
Let f(v) = -v**2 + v + 3. Let b be f(11). Let a = b - -299. Calculate the greatest common factor of 32 and a.
32
Let v(c) = 1. Let f(d) = -3 - 11*d + 2 - 1. Let t(h) = f(h) + 3*v(h). Let g be t(-1). What is the highest common divisor of 60 and g?
12
Let j be (-2)/((-3)/(3*5)). Let z be 4 - 1 - (-2 - -1). Suppose 3*b - 3*m = 39, -3*b + 16 = -z*m - 21. Calculate the greatest common factor of b and j.
5
Suppose -7*n = 15 + 34. Let t(i) = 2*i**2 + 13*i + 6. Let u be t(n). Calculate the greatest common divisor of u and 52.
13
Let v(r) = -5*r + 0*r + 2*r. Let d be v(-10). Calculate the greatest common divisor of d and 20.
10
Let v = -27 + 60. Let h(r) = -12*r - 1. Let k be h(-5). Suppose 51 + k = 5*x. What is the highest common divisor of x and v?
11
Let i(o) = o**3 - 8*o**2 + o - 5. Let m be i(8). Suppose 3*x - m*y = -2 - 25, 5*y - 40 = 4*x. Let s = -1 - x. Calculate the greatest common factor of s and 4.
4
Suppose 31 = 3*u + 5*h, -u - 1 + 14 = -h. Let i = -51 + 111. Calculate the highest common factor of i and u.
12
Let p = 0 - -5. Let d = p + -4. Let z be (d - 3)/(10/(-35)). What is the greatest common divisor of z and 1?
1
Suppose 0 = 11*t + 4 - 59. Let c be 53 - (2 - 5 - -1). Calculate the highest common factor of c and t.
5
Suppose -2 = -4*r + 10. Let t(x) be the second derivative of x**4/12 - x**3/2 - x**2/2 + 2*x. Let i be t(4). Calculate the highest common divisor of i and r.
3
Let t(s) = -12*s**2 - 4*s + 4. Let o be t(-5). Let g = o + 423. Let y be (-336)/(-120)*(-15)/(-2). What is the highest common divisor of y and g?
21
Let s(q) = 16*q - 2. Let b be s(2). What is the highest common divisor of 10 and b?
10
Suppose 5*k + 12 = 2*k. Let a(j) = -2 - 2 - 23*j + 0. Let m be a(k). What is the greatest common factor of m and 8?
8
Let z(c) = c**2 - 6. Suppose 14 = -g - 5*n, 0 = 3*n + 6 - 0. Let t be z(g). Calculate the greatest common factor of 20 and t.
10
Suppose 0 = 4*y - y - 234. What is the highest common divisor of 26 and y?
26
Suppose 4*c + 128 = 2*b, 6 = -b - 2*c + 82. Calculate the greatest common divisor of b and 14.
14
Let r = -6 - -11. Suppose r*d = k, -8*d = -2*k - 4*d + 18. Calculate the highest common divisor of 60 and k.
15
Suppose 4*g + 8 = 0, -y - 1 = 3*g - 6. Let q be 8/(-16)*(1 - y). Suppose q*u - 73 = 7. What is the highest common factor of u and 4?
4
Let z be -7*((-110)/2)/5. What is the greatest common divisor of 7 and z?
7
Let a(g) = g**3 + 5*g**2 + 3*g + 1. Let w be a(-3). Suppose 0 = 2*k - 2*b - 226, -4*k + 3*k + 119 = -3*b. What is the greatest common factor of k and w?
10
Let o(t) = 6*t - 10. Let m be o(3). What is the greatest common factor of 56 and m?
8
Suppose -4*r = -0*r - 8. Suppose -5 = -g + q + r, -2*q = -4*g + 18. What is the greatest common divisor of 2 and g?
2
Let t be (68/(-14) - -4)*(3 - 17). Calculate the greatest common divisor of t and 4.
4
Let n be -1 + 1 - -6*1. Let c = 13 + -25. Let s = n - c. What is the greatest common factor of 6 and s?
6
Suppose 0 = 2*y - 5 - 3. Calculate the highest common divisor of 32 and y.
4
Let a(x) = 3*x - 34. Let r be a(16). What is the greatest common divisor of r and 14?
14
Let m be (-50)/(-3 - (0 + -1)). Let w = 3 + m. What is the highest common factor of 42 and w?
14
Let v(x) = -6*x - 4*x + 0*x - 9 - 10*x. Let y be v(-12). What is the highest common divisor of 21 and y?
21
Suppose -n + 3*c = -5 - 16, 15 = n - c. Calculate the greatest common divisor of 3 and n.
3
Let k(c) = -c**3 + 18*c**2 + 26*c - 21. Let p be k(19). Calculate the highest common factor of p and 16.
16
Suppose 2*n = -2*p + 18, 3*p = -2*n + 5*n - 27. Calculate the highest common factor of 72 and n.
9
Suppose -3*m + 172 = 22. Suppose -o + 0*o + 3 = 0. Suppose -n - s = -0*s - 17, -o*s - 89 = -4*n. Calculate the highest common divisor of n and m.
10
Suppose 25 = -5*y, 3*d - 53 = 5*y - 16. What is the highest common factor of d and 16?
4
Let o(i) = 107*i**3 - 2*i - 5. Let v(m) = m**3 - m - 1. Let j(q) = o(q) - 4*v(q). Let t be j(1). What is the greatest common divisor of t and 13?
13
Let b = -268 + 160. Suppose 4*j + 320 = -4*v, -6*v = 3*j - 5*v + 230. Let i = j - b. What is the greatest common divisor of 11 and i?
11
Suppose -23 = -4*c - 15. Suppose -b - 5*q + 207 = 0, -c*b + 389 = -q + 6*q. What is the highest common factor of b and 26?
26
Let u be (8/16)/((-1)/(-6)). Suppose 4*f - 2 = -3*l, u*l - 2*l = -5*f - 14. Calculate the greatest common divisor of 3 and l.
3
Suppose 2*c = 6*c - 24. Suppose -c*y = -y - 30. Let s = y - 4. Calculate the highest common factor of 4 and s.
2
Suppose 5*q = 3*b - 22 + 144, -94 = -5*q - 4*b. Calculate the highest common factor of 198 and q.
22
Suppose 3*m + 124 = -4*c, 0 = -2*m + c + 2*c - 60. Let v = -25 - m. Calculate the greatest common divisor of v and 11.
11
Let o = -22 + 42. Let k(b) = 5*b**2 - 3*b - 1 + 3*b. Let v be k(1). What is the highest common divisor of v and o?
4
Let i = -45 + 109. Let u = 112 - i. Calculate the highest common factor of u and 16.
16
Suppose -4*p + 30 = p. Let f(d) = d**3 + 6*d**2 + 5*d + 3. Let g be f(-4). What is the greatest common divisor of g and p?
3
Suppose -4*d = -49 - 83. Let l be (d*(-14)/(-3))/2. What is the highest common factor of 7 and l?
7
Suppose -3 = -w + 7. Calculate the highest common divisor of w and 90.
10
Suppose -3*x = -l - 197, -2*x - 3*l - l = -122. Let u be (-80)/(-3) + (-28)/42. Calculate the greatest common factor of u and x.
13
Let z(b) = 6*b**2 - 4*b + 1. Let d be z(-2). Calculate the greatest common factor of d and 165.
33
Let x = 50 + -29. Calculate the greatest common factor of x and 63.
21
Let f = -80 + 85. What is the highest common divisor of 5 and f?
5
Let o be (24/(-16))/((-1)/2). What is the greatest common factor of 6 and o?
3
Suppose 0 = -5*j + j. Suppose 2*t - r = -4*r + 16, j = -3*t - 2*r + 14. What is the highest common factor of t and 1?
1
Let u(i) = -i**3 + 6*i**2 + 10*i - 6. Let o be u(7). Calculate the greatest common factor of 120 and o.
15
Let y be 7*((-9)/(-7) - 1). Suppose 32 = 3*j + j + y*p, -3*p + 8 = 2*j. What is the greatest common factor of 90 and j?
10
Let x be 2862/14 - -6*3/(-42). Calculate the greatest common divisor of x and 17.
17
Let v = -1 + 3. Let n be 102/4 + 1/v. Suppose -2*u - 21 = -2*j + 3*u, -4*u = 4*j - 56. What is the greatest common divisor of n and j?
13
Let h(q) = q. Let g = -6 - -11. Let z be h(g). Suppose -z*o - 15 = -45. Calculate the greatest common factor of o and 66.
6
Suppose -4*l = l. Suppose 0 = -l*s + 5*s - 40. Suppose 2*x = 5*c + 26, 3*x - c = 2*c + 30. What is the highest common factor of s and x?
8
Suppose v + 3*v = 3*o + 14, v + 4*o = -6. Suppose 0 = -v*c - u + 42, -3*u - 92 = -5*c + u. Suppose -s - s = -c. What is the highest common divisor of s and 10?
10
Let y be (2 - (1 + 0))*-7. Let u(d) be the third derivative of -d**4/8 - d**3 + 3*d**2. Let i be u(y). What is the highest common divisor of 60 and i?
15
Let c(j) = 2*j + 3. Let z be c(7). Calculate the highest common factor of 17 and z.
17
Let m be 0 - (0 + -29) - -1. Calculate the highest common divisor of m and 10.
10
Let t(d) = 2*d + 5. Let k be t(5). Suppose u - k = -4*u. Suppose -b + 5*b = u*r + 10, 0 = 4*b - 4*r - 8. Calculate the highest common factor of 36 and b.
4
Let y(o) be the third derivative of o**5/60 + o**4/6 - o**3/2 + 4*o**2. Let a be y(2). What is the greatest common factor of 63 and a?
9
Let r(g) = 2*g**2 - 2*g - 2. Let l be r(2). Calculate the highest common divisor of l and 5.
1
Let d(s) = 4*s**2 + s - 4. Let g be d(3). Suppose 2*b - 1 = 13. What is the greatest common factor of b and g?
7
Let a be 35 - (3 - (2 + 2)). What is the greatest common factor of 4 and a?
4
Suppose 2*l - 3*l + 30 = 2*t, -l + 2*t + 42 = 0. What is the highest common divisor of l and 18?
18
Let l(w) = -5*w + 59. Let c be l(11). What is the highest common divisor of 22 and c?
2
Suppose -5*o - 19 = -q, o - 91 = -4*q + 6*o. What is the highest common divisor of 12 and q?
12
Suppose -3*g + 6*g = 0. Suppose -2*f + 4 = -g*f. Calculate the highest common divisor of 22 and f.
2
Let r(m) = -m**2 + 7*m - 6. Let u(n) = n**2 - 6*n + 5. Let x(w) = 2*r(w) + 3*u(w). Let z be x(4). What is the greatest common divisor of